61854 and 3294.
366
Calculate the greatest common factor of 330 and 373505.
55
What is the highest common factor of 259166 and 606?
202
Calculate the greatest common factor of 10336 and 2736.
304
Calculate the highest common divisor of 13776 and 30.
6
Calculate the highest common divisor of 108240 and 2970.
330
Calculate the greatest common divisor of 28 and 34324.
4
Calculate the greatest common divisor of 14504 and 32.
8
What is the highest common factor of 4008 and 88?
8
What is the highest common factor of 117 and 125385?
39
Calculate the highest common factor of 525075 and 6.
3
Calculate the greatest common factor of 3683 and 11176.
127
Calculate the highest common factor of 4393 and 322.
23
Calculate the highest common factor of 159545 and 170.
85
What is the greatest common divisor of 4205 and 2755?
145
What is the highest common divisor of 927730 and 2260?
1130
Calculate the highest common factor of 760 and 11360.
40
Calculate the greatest common factor of 4794 and 4182.
102
What is the highest common divisor of 21 and 45258?
3
Calculate the greatest common factor of 992167 and 121.
11
Calculate the highest common divisor of 5828 and 20210.
94
What is the highest common factor of 10900 and 6431?
109
What is the greatest common factor of 2851315 and 485?
485
Calculate the highest common factor of 3174 and 1794.
138
What is the greatest common divisor of 2494 and 117734?
86
What is the highest common factor of 13 and 2437838?
13
What is the highest common factor of 16605 and 123?
123
Calculate the greatest common factor of 77472 and 1883.
269
Calculate the greatest common factor of 67440 and 420.
60
What is the highest common divisor of 189660 and 20?
20
Calculate the highest common divisor of 97 and 60043.
97
What is the highest common factor of 19 and 512753?
19
Calculate the highest common factor of 96 and 5496384.
96
Calculate the greatest common divisor of 18 and 53664.
6
What is the greatest common factor of 47 and 118581?
47
What is the highest common factor of 4754 and 2?
2
Calculate the highest common divisor of 1734581 and 139.
139
Calculate the highest common divisor of 174409 and 23.
23
What is the greatest common factor of 11 and 159973?
11
What is the greatest common divisor of 20 and 21790?
10
What is the greatest common factor of 253712 and 1099?
157
Calculate the highest common factor of 284216 and 152.
8
Calculate the greatest common factor of 3404 and 552.
92
What is the highest common factor of 6400296 and 12?
12
What is the highest common divisor of 62 and 6039079?
31
Calculate the highest common divisor of 221 and 4485.
13
What is the greatest common divisor of 19 and 16001?
1
What is the greatest common divisor of 8628501 and 42?
21
What is the highest common factor of 1360 and 5200?
80
What is the greatest common divisor of 20 and 3785?
5
What is the highest common factor of 4293 and 1620?
81
Calculate the greatest common factor of 17867 and 51.
17
What is the highest common divisor of 501 and 128423?
167
Calculate the highest common factor of 835 and 4472260.
835
What is the highest common divisor of 290 and 65685?
145
Calculate the highest common factor of 896 and 602.
14
Calculate the highest common factor of 2990 and 22.
2
Calculate the highest common factor of 255 and 14195.
85
Calculate the highest common divisor of 578331 and 117.
117
What is the greatest common divisor of 196665 and 525?
105
Calculate the greatest common divisor of 750736 and 14.
14
Calculate the highest common divisor of 400 and 61904.
16
What is the greatest common divisor of 120 and 6576?
24
Calculate the highest common divisor of 4240 and 23585.
265
Calculate the highest common divisor of 213136 and 672.
112
What is the highest common factor of 308 and 2508?
44
What is the greatest common divisor of 390 and 37752?
78
What is the greatest common factor of 54 and 1671?
3
Calculate the greatest common factor of 718 and 4208.
2
What is the greatest common factor of 20760 and 150?
30
Calculate the greatest common divisor of 22316 and 1792.
28
Calculate the highest common factor of 715783 and 667.
23
Calculate the greatest common divisor of 1905358 and 1482.
494
What is the highest common divisor of 142 and 712343?
71
Calculate the highest common divisor of 126 and 214263.
63
Calculate the greatest common factor of 880 and 547910.
110
What is the greatest common factor of 9595 and 95?
95
Calculate the highest common factor of 152026 and 14.
14
What is the highest common divisor of 10 and 1033870?
10
Calculate the highest common divisor of 1132 and 14726188.
1132
What is the greatest common factor of 14160 and 1360?
80
Calculate the highest common divisor of 188180 and 1164.
388
Calculate the highest common divisor of 638 and 429693.
319
Calculate the greatest common divisor of 123957 and 36.
9
What is the greatest common divisor of 68514 and 456?
114
Calculate the greatest common divisor of 1048 and 28034.
262
Calculate the highest common divisor of 1138140 and 36.
36
Calculate the greatest common divisor of 256 and 287488.
256
Calculate the greatest common divisor of 4485 and 10.
5
What is the highest common divisor of 25254 and 171?
9
Calculate the greatest common divisor of 29072 and 10672.
368
Calculate the greatest common factor of 7521 and 12971.
109
Calculate the highest common divisor of 88781 and 1309.
77
What is the greatest common factor of 452747 and 43?
43
What is the greatest common divisor of 34037 and 202?
101
Calculate the greatest common factor of 287 and 23.
1
What is the highest common divisor of 437 and 17?
1
Calculate the highest common factor of 12945 and 30.
15
Calculate the highest common factor of 6489 and 153.
9
What is the highest common factor of 894 and 576?
6
Calculate the greatest common divisor of 584 and 592030.
146
What is the highest common factor of 1216 and 4800?
64
Calculate the highest common factor of 11375 and 49.
7
What is the greatest common factor of 4680 and 6200?
40
Calculate the highest common factor of 40572 and 85284.
828
What is the highest common factor of 1668691 and 97?
97
What is the highest common divisor of 2776 and 1368?
8
What is the greatest common factor of 1940 and 918590?
970
Calculate the highest common factor of 98 and 12103.
49
Calculate the greatest common divisor of 83 and 384871.
83
What is the greatest common factor of 241406 and 363?
11
Calculate the highest common divisor of 53595 and 24165.
135
What is the greatest common factor of 70 and 9427390?
70
Calculate the greatest common factor of 1176 and 7938.
294
Calculate the greatest common divisor of 1999244 and 260.
52
What is the greatest common factor of 269 and 733294?
269
Calculate the greatest common divisor of 5871 and 912.
57
Calculate the highest common divisor of 222 and 7178.
74
What is the greatest common divisor of 10873 and 1441?
131
Calculate the greatest common divisor of 5044248 and 1936.
968
What is the highest common factor of 470798 and 7259?
1037
What is the greatest common factor of 148 and 52244?
148
What is the highest common divisor of 31212 and 243?
27
What is the highest common factor of 525 and 396795?
105
What is the highest common divisor of 148 and 80068?
148
What is the greatest common divisor of 3108 and 336308?
28
What is the greatest common factor of 13192 and 68?
68
What is the highest common factor of 381225 and 75?
75
Calculate the greatest common divisor of 201 and 473757.
201
Calculate the greatest common factor of 690 and 135.
15
What is the greatest common factor of 9673488 and 93?
93
What is the greatest common factor of 23760 and 6710?
110
What is the greatest common divisor of 188387 and 515?
103
What is the greatest common factor of 1305 and 17487?
261
What is the highest common divisor of 1944 and 28440?
72
What is the highest common factor of 700 and 9793?
7
What is the highest common factor of 411061 and 147?
49
What is the greatest common factor of 5217312 and 96?
96
Calculate the highest common factor of 8371 and 110.
11
What is the highest common divisor of 2560 and 507904?
512
Calculate the greatest common factor of 3791955 and 645.
645
Calculate the highest common divisor of 8750 and 770.
70
What is the greatest common factor of 465800 and 36?
4
What is the greate